{"id":2034,"date":"2022-06-25T19:32:20","date_gmt":"2022-06-25T17:32:20","guid":{"rendered":"https:\/\/webstoreanjou.passionsports49.fr\/?post_type=product&#038;p=2034"},"modified":"2022-07-08T10:33:31","modified_gmt":"2022-07-08T08:33:31","slug":"heliodor","status":"publish","type":"product","link":"https:\/\/webstoreanjou.passionsports49.fr\/index.php\/produit\/heliodor\/","title":{"rendered":"Heliodor"},"content":{"rendered":"<p>[et_pb_section fb_built=\u00a0\u00bb1&Prime; _builder_version=\u00a0\u00bb4.16&Prime; custom_padding=\u00a0\u00bb0px||||false|false\u00a0\u00bb global_colors_info=\u00a0\u00bb{}\u00a0\u00bb][et_pb_row _builder_version=\u00a0\u00bb4.16&Prime; background_size=\u00a0\u00bbinitial\u00a0\u00bb background_position=\u00a0\u00bbtop_left\u00a0\u00bb background_repeat=\u00a0\u00bbrepeat\u00a0\u00bb width=\u00a0\u00bb100%\u00a0\u00bb custom_padding=\u00a0\u00bb0px||0px||false|false\u00a0\u00bb global_colors_info=\u00a0\u00bb{}\u00a0\u00bb][et_pb_column type=\u00a0\u00bb4_4&Prime; _builder_version=\u00a0\u00bb4.16&Prime; custom_padding=\u00a0\u00bb|||\u00a0\u00bb global_colors_info=\u00a0\u00bb{}\u00a0\u00bb custom_padding__hover=\u00a0\u00bb|||\u00a0\u00bb][et_pb_wc_breadcrumb _builder_version=\u00a0\u00bb4.16&Prime; global_colors_info=\u00a0\u00bb{}\u00a0\u00bb][\/et_pb_wc_breadcrumb][et_pb_wc_cart_notice _builder_version=\u00a0\u00bb4.16&Prime; global_colors_info=\u00a0\u00bb{}\u00a0\u00bb][\/et_pb_wc_cart_notice][\/et_pb_column][\/et_pb_row][et_pb_row column_structure=\u00a0\u00bb1_2,1_2&Prime; _builder_version=\u00a0\u00bb4.16&Prime; background_size=\u00a0\u00bbinitial\u00a0\u00bb background_position=\u00a0\u00bbtop_left\u00a0\u00bb background_repeat=\u00a0\u00bbrepeat\u00a0\u00bb width=\u00a0\u00bb100%\u00a0\u00bb custom_padding=\u00a0\u00bb0px||||false|false\u00a0\u00bb global_colors_info=\u00a0\u00bb{}\u00a0\u00bb][et_pb_column type=\u00a0\u00bb1_2&Prime; _builder_version=\u00a0\u00bb4.16&Prime; custom_padding=\u00a0\u00bb|||\u00a0\u00bb global_colors_info=\u00a0\u00bb{}\u00a0\u00bb custom_padding__hover=\u00a0\u00bb|||\u00a0\u00bb][et_pb_wc_images _builder_version=\u00a0\u00bb4.16&Prime; global_colors_info=\u00a0\u00bb{}\u00a0\u00bb][\/et_pb_wc_images][\/et_pb_column][et_pb_column type=\u00a0\u00bb1_2&Prime; _builder_version=\u00a0\u00bb4.16&Prime; custom_padding=\u00a0\u00bb|||\u00a0\u00bb global_colors_info=\u00a0\u00bb{}\u00a0\u00bb custom_padding__hover=\u00a0\u00bb|||\u00a0\u00bb][et_pb_wc_title _builder_version=\u00a0\u00bb4.16&Prime; global_colors_info=\u00a0\u00bb{}\u00a0\u00bb][\/et_pb_wc_title][et_pb_wc_rating _builder_version=\u00a0\u00bb4.16&Prime; global_colors_info=\u00a0\u00bb{}\u00a0\u00bb][\/et_pb_wc_rating][et_pb_wc_price _builder_version=\u00a0\u00bb4.16&Prime; global_colors_info=\u00a0\u00bb{}\u00a0\u00bb][\/et_pb_wc_price][et_pb_wc_description _builder_version=\u00a0\u00bb4.16&Prime; global_colors_info=\u00a0\u00bb{}\u00a0\u00bb][\/et_pb_wc_description][et_pb_wc_add_to_cart _builder_version=\u00a0\u00bb4.16&Prime; global_colors_info=\u00a0\u00bb{}\u00a0\u00bb][\/et_pb_wc_add_to_cart][et_pb_wc_meta _builder_version=\u00a0\u00bb4.16&Prime; global_colors_info=\u00a0\u00bb{}\u00a0\u00bb][\/et_pb_wc_meta][\/et_pb_column][\/et_pb_row][et_pb_row _builder_version=\u00a0\u00bb4.16&Prime; background_size=\u00a0\u00bbinitial\u00a0\u00bb background_position=\u00a0\u00bbtop_left\u00a0\u00bb background_repeat=\u00a0\u00bbrepeat\u00a0\u00bb width=\u00a0\u00bb100%\u00a0\u00bb global_colors_info=\u00a0\u00bb{}\u00a0\u00bb][et_pb_column type=\u00a0\u00bb4_4&Prime; _builder_version=\u00a0\u00bb4.16&Prime; custom_padding=\u00a0\u00bb|||\u00a0\u00bb global_colors_info=\u00a0\u00bb{}\u00a0\u00bb custom_padding__hover=\u00a0\u00bb|||\u00a0\u00bb][et_pb_wc_tabs _builder_version=\u00a0\u00bb4.16&Prime; global_colors_info=\u00a0\u00bb{}\u00a0\u00bb] [\/et_pb_wc_tabs][et_pb_wc_upsells _builder_version=\u00a0\u00bb4.16&Prime; global_colors_info=\u00a0\u00bb{}\u00a0\u00bb][\/et_pb_wc_upsells][et_pb_wc_related_products _builder_version=\u00a0\u00bb4.16&Prime; global_colors_info=\u00a0\u00bb{}\u00a0\u00bb][\/et_pb_wc_related_products][\/et_pb_column][\/et_pb_row][\/et_pb_section]<\/p>\n","protected":false},"excerpt":{"rendered":"<p>Bermuda en Elsaticfiber adapt\u00e9 \u00e0 l&rsquo;entra\u00eenement. Dot\u00e9 de poches confortables avec fermeture \u00e0 glissi\u00e8re invers\u00e9e en nylon et curseur autobloquant. Les empi\u00e8cements lat\u00e9raux et arri\u00e8re \u00e9lastiqu\u00e9s offrent r\u00e9sistance et libert\u00e9 de mouvement, tandis que la micror\u00e9sille post\u00e9rieure favorise la transpiration.<\/p>\n<ul>\n<li>Empi\u00e8cements en micror\u00e9sille<\/li>\n<li>Empi\u00e8cements en tissu stretch<\/li>\n<li>Poches avec fermetures \u00e0 glissi\u00e8re invers\u00e9es<\/li>\n<\/ul>\n<p><strong>Per-fleece : <\/strong>Ce tissu \u00e9lastique est caract\u00e9ris\u00e9 par un l\u00e9ger lainage int\u00e9rieur. Il est sp\u00e9cifiquement adapt\u00e9 \u00e0 l\u2019entra\u00eenement puisqu&rsquo;il est l\u00e9ger et en m\u00eame temps chaud et confortable.<\/p>\n<p><strong>Lavage en machine maximum 30\u00b0 C &#8211; S\u00e9chage en machine interdit.<\/strong><\/p>\n<p>Fit :\u00a0<span style=\"color: #0000ff;\"><a style=\"color: #0000ff;\" href=\"https:\/\/webstoreanjou.passionsports49.fr\/wp-content\/uploads\/2022\/06\/FIT.jpg\" target=\"_blank\" rel=\"noopener\">Regular<\/a><\/span><span style=\"color: #0000ff;\">\u00a0<\/span><\/p>\n<p><a href=\"https:\/\/webstoreanjou.passionsports49.fr\/wp-content\/uploads\/2022\/06\/Guide-des-tailles.jpg\"><img loading=\"lazy\" decoding=\"async\" class=\"aligncenter wp-image-73 size-full\" src=\"https:\/\/webstoreanjou.passionsports49.fr\/wp-content\/uploads\/2022\/06\/Guide-des-tailles.jpg\" alt=\"\" width=\"1015\" height=\"577\" srcset=\"https:\/\/webstoreanjou.passionsports49.fr\/wp-content\/uploads\/2022\/06\/Guide-des-tailles.jpg 1015w, https:\/\/webstoreanjou.passionsports49.fr\/wp-content\/uploads\/2022\/06\/Guide-des-tailles-980x557.jpg 980w, https:\/\/webstoreanjou.passionsports49.fr\/wp-content\/uploads\/2022\/06\/Guide-des-tailles-480x273.jpg 480w\" sizes=\"(min-width: 0px) and (max-width: 480px) 480px, (min-width: 481px) and (max-width: 980px) 980px, (min-width: 981px) 1015px, 100vw\" \/><\/a><\/p>\n","protected":false},"featured_media":2057,"comment_status":"open","ping_status":"closed","template":"","meta":{"_et_pb_use_builder":"on","_et_pb_old_content":"Bermuda en Elsaticfiber adapt\u00e9 \u00e0 l'entra\u00eenement. Dot\u00e9 de poches confortables avec fermeture \u00e0 glissi\u00e8re invers\u00e9e en nylon et curseur autobloquant. Les empi\u00e8cements lat\u00e9raux et arri\u00e8re \u00e9lastiqu\u00e9s offrent r\u00e9sistance et libert\u00e9 de mouvement, tandis que la micror\u00e9sille post\u00e9rieure favorise la transpiration.\r\n<ul>\r\n \t<li>Empi\u00e8cements en micror\u00e9sille<\/li>\r\n \t<li>Empi\u00e8cements en tissu stretch<\/li>\r\n \t<li>Poches avec fermetures \u00e0 glissi\u00e8re invers\u00e9es<\/li>\r\n<\/ul>\r\n<strong>Per-fleece : <\/strong>Ce tissu \u00e9lastique est caract\u00e9ris\u00e9 par un l\u00e9ger lainage int\u00e9rieur. Il est sp\u00e9cifiquement adapt\u00e9 \u00e0 l\u2019entra\u00eenement puisqu'il est l\u00e9ger et en m\u00eame temps chaud et confortable.\r\n\r\n<strong>Lavage en machine maximum 30\u00b0 C - S\u00e9chage en machine interdit.<\/strong>\r\n\r\nFit :\u00a0<span style=\"color: #0000ff\"><a style=\"color: #0000ff\" href=\"https:\/\/webstoreanjou.passionsports49.fr\/wp-content\/uploads\/2022\/06\/FIT.jpg\" target=\"_blank\" rel=\"noopener\">Regular<\/a><\/span><span style=\"color: #0000ff\">\u00a0<\/span>\r\n\r\n<a href=\"https:\/\/webstoreanjou.passionsports49.fr\/wp-content\/uploads\/2022\/06\/Guide-des-tailles.jpg\"><img class=\"aligncenter wp-image-73 size-full\" src=\"https:\/\/webstoreanjou.passionsports49.fr\/wp-content\/uploads\/2022\/06\/Guide-des-tailles.jpg\" alt=\"\" width=\"1015\" height=\"577\" \/><\/a>","_et_gb_content_width":"","_monsterinsights_skip_tracking":false,"_monsterinsights_sitenote_active":false,"_monsterinsights_sitenote_note":"","_monsterinsights_sitenote_category":0,"_uf_show_specific_survey":0,"_uf_disable_surveys":false},"product_brand":[],"product_cat":[56,54,106],"product_tag":[104,100],"class_list":{"0":"post-2034","1":"product","2":"type-product","3":"status-publish","4":"has-post-thumbnail","6":"product_cat-bermudas","7":"product_cat-boutique","8":"product_cat-temps-libre","9":"product_tag-bermuda","10":"product_tag-pantalon","12":"first","13":"instock","14":"shipping-taxable","15":"purchasable","16":"product-type-variable","17":"has-default-attributes"},"supplier_id":null,"supplier_sku":"","barcode":null,"atum_controlled":true,"out_stock_date":null,"out_stock_threshold":null,"inheritable":true,"inbound_stock":null,"stock_on_hold":0,"sold_today":0,"sales_last_days":0,"reserved_stock":null,"customer_returns":null,"warehouse_damage":null,"lost_in_post":null,"other_logs":null,"out_stock_days":0,"lost_sales":0,"has_location":false,"update_date":"2026-03-21T11:26:47","atum_locations":[],"atum_stock_status":"instock","restock_status":false,"low_stock_amount":"","sales_update_date":"2026-03-21T11:26:47","calc_backorders":null,"_links":{"self":[{"href":"https:\/\/webstoreanjou.passionsports49.fr\/index.php\/wp-json\/wp\/v2\/product\/2034","targetHints":{"allow":["GET"]}}],"collection":[{"href":"https:\/\/webstoreanjou.passionsports49.fr\/index.php\/wp-json\/wp\/v2\/product"}],"about":[{"href":"https:\/\/webstoreanjou.passionsports49.fr\/index.php\/wp-json\/wp\/v2\/types\/product"}],"replies":[{"embeddable":true,"href":"https:\/\/webstoreanjou.passionsports49.fr\/index.php\/wp-json\/wp\/v2\/comments?post=2034"}],"wp:featuredmedia":[{"embeddable":true,"href":"https:\/\/webstoreanjou.passionsports49.fr\/index.php\/wp-json\/wp\/v2\/media\/2057"}],"wp:attachment":[{"href":"https:\/\/webstoreanjou.passionsports49.fr\/index.php\/wp-json\/wp\/v2\/media?parent=2034"}],"wp:term":[{"taxonomy":"product_brand","embeddable":true,"href":"https:\/\/webstoreanjou.passionsports49.fr\/index.php\/wp-json\/wp\/v2\/product_brand?post=2034"},{"taxonomy":"product_cat","embeddable":true,"href":"https:\/\/webstoreanjou.passionsports49.fr\/index.php\/wp-json\/wp\/v2\/product_cat?post=2034"},{"taxonomy":"product_tag","embeddable":true,"href":"https:\/\/webstoreanjou.passionsports49.fr\/index.php\/wp-json\/wp\/v2\/product_tag?post=2034"}],"curies":[{"name":"wp","href":"https:\/\/api.w.org\/{rel}","templated":true}]}}